*w**2 - 9 - 8*w + 5 + w**2. Let f be (-86)/12 - (-4)/24. Calculate q(f).
-11
Let l(u) = u**3 - 11*u**2 + 9*u + 13. Suppose -1 = -w + 9. Let q be l(w). Let m(s) = -s**2 + 8*s**3 - 7*s**3 + q*s - 5 - 3*s**2. Calculate m(4).
7
Suppose 3*y + 12 = 0, 5*q - 3*y - 27 = -0. Let f(b) = -b**2 - 20*b + 19*b + 0*b**2 + q. Determine f(0).
3
Let j(v) be the third derivative of -1/120*v**5 - 5*v**2 + 0*v + 0 - 1/6*v**4 + 5/6*v**3. Let o(n) be the first derivative of j(n). What is o(4)?
-8
Let v be (-2 + -10)*(-10)/4. Suppose -35*h + 40*h = -v. Let b(x) = 8 - 5*x + 3*x + 4*x. Determine b(h).
-4
Let b = -2 - -8. Let j(a) = -7*a**3 + 19*a**2 - a + 6. Let d(n) = n**3 - 2*n**2 - n. Let p(l) = 6*d(l) + j(l). Give p(b).
0
Let v(s) = s**3 + s**2 + 2*s + 12. Let x be (-16)/312 - 4/(-78). What is v(x)?
12
Let v(z) = -z**2 - 3*z - 1. Suppose -3*p = -3*c + 36, 3*c + 2*p - 4 - 32 = 0. Suppose -c + 18 = -3*a. Give v(a).
1
Let l be (1 - -1) + (4 - 5). Let w(a) = -2*a**2 - a - 1. Calculate w(l).
-4
Let u(k) = k**2 - 8*k + 3. Let y(i) = 2*i**2 - 18*i + 7. Let j(a) = 9*u(a) - 4*y(a). Calculate j(2).
3
Let w(a) be the second derivative of -3*a**5/10 + a**4/12 - a**2/2 + 321*a - 2. Determine w(-1).
6
Suppose t + 2*p + 9 = -10, -p + 64 = -3*t. Let a = t - -29. Let n = -7 + a. Let w(j) = 4*j. Determine w(n).
4
Suppose z - 27 - 14 = 0. Let x(m) = -z + m + 41 + 5*m. Determine x(1).
6
Let p(h) = 11*h**2 + 4*h + 5. Let d be ((-1)/(-3))/((-2)/24). Let n(t) = -10*t**2 - 3*t - 4. Let j(z) = d*p(z) - 5*n(z). Determine j(-1).
7
Let z be ((-4)/(-6))/(20/6) - (-697)/(-85). Let q(t) be the third derivative of -t**4/24 - 17*t**3/6 - 2*t**2. Give q(z).
-9
Let d(x) be the second derivative of x**3/2 + x**2 + x. Let c(v) be the first derivative of 5*v**2/2 + 11*v + 20. Let t be c(-3). Give d(t).
-10
Let g(a) = a**3 + 0*a - 8 + a - 2*a. Suppose -54 - 63 = -9*i. Suppose -12*c = -i*c. What is g(c)?
-8
Let n(t) = -6*t**3 + 4*t**2 + 6*t - 9. Let b(p) = 5*p**3 - 3*p**2 - 5*p + 10. Let l(x) = -5*b(x) - 4*n(x). Determine l(0).
-14
Suppose q + 0*q = -2*j - 9, -2*q = -5*j - 27. Let x(n) = -10*n. Let c(y) = 7*y. Let l(f) = j*x(f) - 7*c(f). Determine l(2).
2
Let f be 2*15/(-120) + 19/(-4). Let p(c) be the second derivative of c**4/12 + c**3/3 + c**2 + 2*c. Calculate p(f).
17
Let j(t) = -6*t + 52. Let y be j(9). Let b(x) = x**3 + 3*x**2 + 1. Give b(y).
5
Let q(c) = 12*c**2 - 17*c - 3. Let d be q(2). Let t(z) = z - 14. Determine t(d).
-3
Let w(j) = 2*j + 6. Let m be (0 - 5)*53/(-265)*1. Determine w(m).
8
Suppose -3 = -2*c + c. Suppose -v + 6*v = -4*s - 49, 0 = c*v + 5*s + 32. Let d be (-2)/3 + (-60)/v. Let n(t) = t**3 - 5*t**2 - 5*t + 1. Calculate n(d).
7
Suppose 7*z - 16*z = -36. Let q(d) = -d**3 + 4*d**2 - 3*d. What is q(z)?
-12
Let t(z) be the third derivative of 5/3*z**3 - 11*z**2 + 0 + 1/60*z**5 + 1/36*z**6 + 1/24*z**4 + 0*z. Let q(p) be the first derivative of t(p). Give q(-1).
9
Let j(f) = f**3 - 9*f**2 + f - 1. Let q be (7/(-2))/((-4)/24). Suppose -8*n = 3*x - 11*n - q, 0 = -5*x + 4*n + 37. What is j(x)?
8
Let g(y) = -y**3 - y + 24. Suppose -3*k + 2*k - 4*k = 0. Determine g(k).
24
Let w(h) = -4*h**2 + 14*h - 36. Let n(m) = -2*m**2 + 8*m - 17. Let j(p) = 9*n(p) - 4*w(p). What is j(7)?
5
Let p(k) = -6*k + 1. Let i be (-2 - 16/(-6))*9/6. Calculate p(i).
-5
Let w(l) = -l**2 + 2*l - 1. Let y(z) = 2*z**2 - 9*z + 4. Let d(h) = 5*w(h) + y(h). Calculate d(-2).
-15
Let m(h) = -h**3 - 4*h**2 - 2. Let z be m(-4). Let o(r) = 5. Let d(s) = 11*s - 15*s + 0 + 3*s + 1. Let n(v) = -5*d(v) + o(v). Give n(z).
-10
Let a = -616 - -618. Let k(y) be the first derivative of 1/2*y**2 + 4 - a*y. Determine k(2).
0
Let z(j) = 29*j**3 + 2*j**2 - 1. Let u(p) = -2*p**3 + 11*p**2 - 9*p + 19. Let q be u(5). Determine z(q).
-28
Suppose 0*y + y = u + 4, -5*y + 2*u + 26 = 0. Let d(i) = -4*i + 7. Let a(k) = -5*k + 9. Let n(j) = -5*a(j) + 6*d(j). Determine n(y).
3
Let u(q) = -2*q - 12. Let x be u(-8). Let i(c) = -c**3 + 5*c**2 - 2*c - 9. What is i(x)?
-1
Let o(w) = w**2 - 8*w - 5. Suppose 20 - 40 = 4*c. Let y(k) = -k**2 + 8*k + 6. Let s(f) = c*o(f) - 4*y(f). Determine s(8).
1
Let c(x) = 19*x**3 + 2*x**2 + x + 1. Let s = -5 - -4. What is c(s)?
-17
Let y = 9 - 7. Suppose -56 = -y*s + 3*v, s + 7*v - 10 = 4*v. Let o = -25 + s. Let u(i) = i**2 + 2*i - 2. Calculate u(o).
1
Suppose 5*q + 25 = 3*w, -2*w + 5*w = q + 5. Suppose v + v + 4 = w. Let h(t) = -6*t - 4. Let y(k) = 7*k + 5. Let x(p) = -6*h(p) - 5*y(p). Determine x(v).
-3
Let r(f) = 633*f**2 - 633*f**2 + f**3. Let v be (0/2)/(3 - 2). Determine r(v).
0
Let y(a) = -a**2 - 11*a + 6. Suppose -r + 11 = -q, 0 = -2*q - 59*r + 54*r - 29. What is y(q)?
-6
Let c = -1034 + 1032. Let g(h) = 5*h**2 + 4. Determine g(c).
24
Let m = 0 - 0. Let g(z) be the third derivative of -1/24*z**4 + 0*z + 0 + 3*z**2 - 7/3*z**3. Determine g(m).
-14
Let w(h) = -h - 7. Let l(q) = 3*q + 15. Let z(y) = 3*l(y) + 7*w(y). Let m = 32 - 14. Suppose -3*a - 3*a - m = 0. Determine z(a).
-10
Let t(i) = -1 - 3*i**2 + 12*i**2 + 1 + 2 + 2*i. Let q(r) = -5*r**2 - r - 1. Let c(o) = -11*q(o) - 6*t(o). Give c(0).
-1
Let w(b) = b**3 + 5*b**2 - 5*b + 4. Let z(l) = -l**2 + 8*l + 16. Let d be z(9). Let j(s) = -s**3 + 9*s**2 - 14*s - 6. Let y be j(d). What is w(y)?
-2
Let i(t) = 4*t**2 + t + 7. Let l(g) = -11*g**2 - 4*g - 20. Let p(c) = -8*i(c) - 3*l(c). Let h(k) = k - 1. Let w(b) = 5*h(b) + p(b). What is w(-10)?
9
Suppose 3 = 3*s + 9. Let g(p) = -2*p**3 - 4*p**2 - 3*p - 1. Let q be g(s). Let t(x) = 9*x + 3. Let v(w) = -5*w - 2. Let z(l) = -3*t(l) - 5*v(l). Give z(q).
-9
Suppose -3*v + 5*i = -4*v - 7, -3*v + i + 11 = 0. Let b(z) = -7*z + 5 + 4 + 352*z**2 - 346*z**2 + z**v. Calculate b(-7).
9
Suppose 3*t + 13 = -5*l, -4*t + 36 = -l - 3*l. Suppose -t*y - 2*o - 8 = 0, 3*y + 5 + 7 = -3*o. Let f(m) = -m + 8. Calculate f(y).
8
Let v(k) = -k**2 - 3. Let c(p) = 3*p**2 + 68*p + 44. Let a be c(-22). Give v(a).
-3
Let j(u) = -5*u**3 - 4*u**2 + 28*u - 18. Let m(v) = -4*v**3 - 5*v**2 + 25*v - 17. Let w(b) = -5*j(b) + 6*m(b). Determine w(9).
-3
Let i(u) be the first derivative of u**4/12 + 2*u**3/3 - u**2/2 - 12*u + 9. Let v(n) be the first derivative of i(n). Determine v(-4).
-1
Let j(q) = -5*q**2 - 107*q - 41. Let k be j(-21). Let b(y) = 20*y**3 - 2*y**2 + y. What is b(k)?
19
Let s(n) = -3*n**2 + 5*n + 10. Let w(i) = -2*i**2 + 6*i + 8. Let l(q) = 3*s(q) - 4*w(q). Calculate l(-8).
6
Suppose 5*n = -5*c, 0 = 2*n + c + 4 - 8. Let t(k) = -3*k**2 + 5*k - 4. Calculate t(n).
-32
Let u = 161 - 158. Let o(i) = i + 4. Let c(v) = 3*v + 11. Let j(w) = 6*c(w) - 17*o(w). Determine j(u).
1
Let s = -5 - -11. Suppose -2*i + 10 = 3*i. Let x(p) = p - 6 + p**2 + 0 + 0*p**i - 6*p. Determine x(s).
0
Suppose -c - 20*c = 126. Let r(f) = -f**3 - 5*f**2 + f - 8. Calculate r(c).
22
Let y(j) = 2*j**2 + 1. Suppose 2*n = 4*s + 8, 0 = 4*s - n - 0*n + 6. Let q = 1 - 6. Let z be (-1 - (q - -1)) + s. Give y(z).
9
Suppose 0 = 3*g - 8*g - 20. Let r(n) = n**2 - 8*n + 11. Let p be r(4). Let j(z) = z + 5. Let w(l) = -2*l - 6. Let f(q) = g*w(q) + p*j(q). Determine f(-1).
-4
Let a(h) = -6*h - 2. Let u be a(-1). Suppose 4*n = -5*s + 53, n - 2 = -0. Let c(q) = -q + s - u + 0 - 4. Give c(0).
1
Let b(d) = 3 - 2*d - 2 - 3*d - d**2. Suppose 0 = -5*x - 4*r + 142, 0 = 4*x - 9*x + 3*r + 156. Let o = 24 - x. Give b(o).
-5
Let u be (-2)/(-10) + (-18)/(-10). Suppose u*k = 3*i, -4*i + 7 = 2*k + 21. Let y(s) = 4*s**2 + 3*s + 1. What is y(i)?
11
Let j(z) be the first derivative of -15*z**2/2 + 2*z + 327. Determine j(1).
-13
Suppose -k = -5*k - 5*i + 30, 4*i + 28 = 2*k. Let u(g) = g**3 - 8*g**2 - 20*g + 5. Give u(k).
5
Let g(y) = 3*y + 6. Suppose -5*b + q = 2 + 5, b = 3*q - 7. Let u be b/((-3)/(-9))*-4. Let l = -16 + u. Determine g(l).
-6
Let x(u) = -u**3 - 6*u**2 - 2*u + 5. Let p = -12 + 18. Suppose h - 30 = p*h. Determine x(h).
17
Suppose 8*m + 18*m + 130 = 0. Let n(b) = -7*b**3 + 3*b. Let a(q) = 0*q + 4*q**2 - 3*q**2 + 6*q**3 - 1 - 2*q. Let w(t) = 6*a(t) + 5*n(t). Calculate w(m).
4
Let f(a) = -5*a + 94. Let j be f(19). Let o(r) = 3 + 0 - 5 + 3 + 26*r. Give o(j).
-25
Let k(t) be the third derivative of -5/6*t**3 + 5*t**2 - 1/24*t**4 + 0 + 0*t. Let u be k(-5). Let l(r) = -r**3 - r + 7. Give l(u).
7
Let r(u) = 9*u**3 - 4*u**2 - 13*u - 2. Let x(w) = -2*w**2 - 1 - 2*w**2 + w**3 - 6*w + 2*w**2 + 3*w**3. Let d(a